-2?
-2
Calculate (9 - 3) + -6 + 3.
3
4 + (-9 - (3 - 7)) + 2
1
(8 - (0 - -6)) + -5
-3
What is -29 + 21 + (-2 - -2 - -4)?
-4
2 + -10 + (-7 - -14)
-1
(16 - 15) + -6 + 7
2
What is 15 + 2 - 18 - (-12 - -2)?
9
What is the value of 3 + (-1 - 1) - (-17 - -13)?
5
What is the value of 1 + -3 + (3 - 6 - -3)?
-2
What is the value of -1 + 3 + 2 + -2 - 6?
-4
What is the value of (3 + -4 - -7) + -1 - 0?
5
Evaluate -7 - ((-6 - -3) + -1) - -2.
-1
What is 4 - (1 + 6) - -6?
3
What is -5 + 1 + 0 + 2?
-2
What is (-6 - -6) + 2 + (1 - 1)?
2
Calculate (-2 - (-3 + -2)) + -4.
-1
Calculate 2 - (0 - 3) - 8.
-3
3 + -1 - (-14 + 11 + 11)
-6
Calculate -7 + 0 + (-9 - -14) + 0.
-2
Evaluate (17 - 22) + (0 - -4).
-1
Calculate (5 - -2 - 12) + 4.
-1
What is the value of -2 + 3 + 2 - -1?
4
What is the value of 8 - 9 - (-2 + 2)?
-1
Calculate (-23 - -22) + 4 + 1.
4
What is the value of 11 - (-3 + 4 - (-3 - 2))?
5
Calculate -3 - (-1 + 5 + -5).
-2
Evaluate -1 + -4 + (2 - -8).
5
What is 0 + (2 - 4) + 6?
4
(-3 - 3) + 10 + -4 + -4
-4
What is the value of -8 + (5 - 0 - -3)?
0
What is the value of -10 - (-9 - (-13 + 3))?
-11
Evaluate -3 - (12 + -8 + -14).
7
-41 + 47 + (-2 - 0) + 0
4
What is (-4 - (-3 - 4)) + 1?
4
4 - 7 - (-3 - (0 - 1))
-1
Calculate 2 + 17 + (-7 - 7).
5
Evaluate (5 - 6) + -1 + 5 - 4.
-1
Evaluate (-4 - (1 - -1)) + 6.
0
What is the value of 7 + 6 - 8 - 2?
3
What is (-3 - (-3 + -2)) + (-1 - 1)?
0
1 + (8 - 6) + -5 - -9
7
What is 4 + (7 - 5) - (-1 - -4)?
3
What is -9 + (8 - 12) + 11?
-2
Evaluate -2 - (2 - (0 + 6)).
2
What is the value of (6 - 8) + 5 - 9?
-6
4 + (-1 + -1 - 4)
-2
Calculate 4 - (5 + (5 + -3 - 8)).
5
2 - ((0 - -10) + (11 - 14))
-5
What is 3 + (3 - 0) + -9 - 0?
-3
Evaluate 3 + 1 + 5 + -2 + -2.
5
What is 29 + -24 - (-2 - -8)?
-1
Evaluate 4 - (2 + -6 + 1 + 3).
4
(-4 - -7) + -1 + -7
-5
(-2 - -4) + -4 + 5
3
-4 - (-1 + 0) - (-2 - -1)
-2
Calculate 3 + (4 - 3 - 1) - 6.
-3
What is 16 + -15 - (1 + -2) - -2?
4
Calculate 3 + -5 + 0 - -5.
3
Calculate 1 + -1 + 4 - 3.
1
What is 5 - 3 - (7 - -1)?
-6
What is (1 - -1) + -3 + (-2 - -3)?
0
What is the value of 5 + (1 - 2) - -1?
5
What is the value of -10 + (5 - -11) - (4 - 0)?
2
What is 1 + (0 + -2 - (5 - 7))?
1
What is the value of 8 - (2 + -1 - -3)?
4
What is 5 + (-6 - (-8 - -5)) - -5?
7
Evaluate 2 - (-1 - 4 - (-5 - 0)).
2
Evaluate 26 - 37 - (-2 + -7).
-2
What is 12 + -8 - ((3 - 3) + -1)?
5
3 - -1 - -2 - (-10 + 13)
3
What is the value of -1 + (2 - 3) + (-14 - -10)?
-6
Evaluate 5 - 2 - (-6 + 4 + -2).
7
Evaluate -1 - (-7 - (0 - 7) - 1).
0
Calculate -4 - (1 - (4 - 3)).
-4
Evaluate -15 + (-7 - -5) + 9.
-8
What is (0 - 3 - 1) + 3?
-1
Evaluate -3 + 3 - ((2 - -1) + 4).
-7
What is (9 - 4) + -6 + (0 - 2)?
-3
What is the value of 1 - (0 + -4 + 4)?
1
Evaluate -2 - (10 - 0 - (3 + 2)).
-7
What is 5 + (1 - 1) + 1 + -10?
-4
4 - (11 + -13) - 6
0
9 + -15 + -3 + 1 + 4
-4
Calculate -12 + 17 - (-8 - -5).
8
What is (-10 - -4) + 1 + 5?
0
What is the value of -3 + (-12 + 16 - 7)?
-6
-3 + -4 - -20 - 7
6
What is the value of (-2 + -2 - -3) + -3 + -1?
-5
Evaluate (-15 - -15) + (5 - 0).
5
Calculate -5 - -3 - -7 - (3 - -1).
1
What is 39 + -33 - (16 + -2)?
-8
What is -1 + (-3 - (2 + -6))?
0
(-5 - (5 + 1 - 11)) + 6
6
What is the value of (-2 - -7) + 28 + -30?
3
What is (7 - (-6 + 17)) + 5 - -7?
8
What is (-3 - -2) + -8 - (-4 + 0)?
-5
-7 + (5 - 1 - 1)
-4
Calculate 0 + (3 - (1 - 3 - -8)).
-3
Calculate (0 - (-2 - (1 - 1))) + 3.
5
What is the value of -4 + (37 - 14) + -11?
8
What is the value of 2 + (-4 - -3) + (-2 - -1)?
0
1 - (3 + -2 + -1)
1
What is (23 - 8) + -4 + -7?
4
What is (6 - 4 - (4 - 1)) + 1?
0
-2 + (2 - (4 - 0))
-4
(0 - -1) + (25 - (20 + 11))
-5
What is the value of 0 - (3 + -2) - (15 + -11)?
-5
What is 9 + -7 - -5 - (3 + -1)?
5
Evaluate 2 - (3 + -1 + 4 + 2).
-6
What is the value of 1 - -2 - (10 - 8)?
1
What is (-10 - (-9 - 0)) + 5?
4
10 + -18 + 16 - 4
4
Evaluate 0 - (-3 + 7 + -8).
4
Evaluate (-1 - -3 - (11 + -15)) + 3.
9
Calculate -4 - (-12 + 11) - 6.
-9
2 - 9 - -23 - 1 - 7
8
Calculate 0 + -1 + -4 - (-5 + 5).
-5
Evaluate -13 - (5 + (5 - 13)).
-10
What is -7 + -13 + 17 + (-3 - -6)?
0
What is -4 + 5 - (1 - -4) - -2?
-2
(-6 + 2 + 4 - 9) + 7
-2
What is the value of (-15 - -17) + (-2 - -1) + -4?
-3
What is (-2 - (5 - -1)) + 3?
-5
What is the value of (-6 - -3 - -7) + -9?
-5
What is the value of -3 + 11 + -4 + -9 + 12?
7
0 + (-2 - (-2 - 0)) + 3
3
What is 10 - 2 - (-11 - -14)?
5
What is 11 - 3 - (-1 + 15)?
-6
What is 2 - 1 - ((6 - 6) + -3)?
4
Evaluate 2 + -17 - (-21 - -13).
-7
What is the value of -2 - (-12 - -7) - (2 + 3)?
-2
What is the value of -12 - -14 - (-1 - 1)?
4
1 + 3 + -3 - -2 - 7
-4
What is (-6 - -1) + 23 + -22?
-4
Evaluate -3 + (-6 - -15) + -6.
0
Calculate 0 - (-18 + (9 - -2)).
7
Evaluate 5 - ((1 - -4) + -4).
4
Calculate 8 - (0 - -7) - 8.
-7
Calculate -1 + -2 + (14 - 11) + -3.
-3
Calculate (-1 - 1) + 1 - -3 - 3.
-1
What is the value of 4 - (4 - 1 - (5 + -2))?
4
-3 - (0 + -4 - 3)
4
-4 + 0 + -1 + 0
-5
Evaluate 8 - (-8 + 4 - -11).
1
Calculate (-5 - (3 - 6)) + 0 + 1.
-1
What is -3 - (2 - -5) - (1 + -5)?
-6
Calculate -1 - (-3 - (-5 - -2) - -2).
-3
Evaluate -3 - (2 - 7 - (17 + -24)).
-5
What is -8 + 2 + 3 + 1 - -6?
4
Calculate -10 + 11 + 0 + -5.
-4
(-9 - -2) + (-28 - -35)
0
What is 2 + (13 + -5 - 7)?
3
What is the value of 8 - (-2 - -2 - -5)?
3
What is the value of 1 + (1 - (-2 - -6))?
-2
What is the value of -5 - (7 + -2) - (-1 + -2)?
-7
What is -3 + (8 - 9) + -1?
-5
What is the value of (-5 + -1 - 0) + 1?
-5
What is the value of -2 + -2 + 4 - (0 - -1)?
-1
Evaluate (-12 - -3) + 2 + 4.
-3
Evaluate (4 - 7) + -1 - 1.
-5
What is 10 - (-8 + 24) - -2?
-4
What is the value of 1 + 4 + -11 + 1?
-5
Calculate -1 + (-4 - -8) + 0.
3
What is (4 - -1) + -1 + -3?
1
-12 + 8 - (2 + (-5 - 3))
2
What is the value of 1 + -3 + -2 + (-13 - -14)?
-3
What is the value of 5 - (7 + (-5 - -3)) - 1?
-1
-4 - (-6 + 1 - -6)
-5
Evaluate 2 + -3 - (-1 + -10 + 5).
5
What is 0 - (2 - (-2 + (2 - 1)))?
-3
Calculate -6 + (5 - -6 - (2 + -3)).
6
-1 - (5 + -2 - (7 + 1))
4
Evaluate 2 - (-3 - (3 - 12)).
-4
What is the value of (4 - 4) + -6 + (-2 - -5)?
-3
What is the value of 2 - (-4 + 3 + 1 + -1)?
3
Evaluate (-1 - 3) + 6 + 9 + -7.
4
Calculate 1 + (-4 + -2 - 2) + 2.
-5
What is the value of 7 - 2 - (1 - 3 - -4)?
3
What is the value of (-4 - -8) + -8 + (-3 - -1)?
-6
What is -1 - (4 + -8 - -2) - -1?
2
Calculate (0 - 1) + -2 + 7 + -5.
-1
Evaluate 2 + (2 - 4) + -4 + 2.
-2
What is the value of -4 - 4 - -3 - -3?
-2
(2 - 6) + (2 - (-1 + 2))
-3
What is (13 - (10 + -3)) + -12?
-6
What is the value of 3 + (6 - (-4 + 1 - -12))?
0
Calculate -3 - (-5 - -4 - -1).
-3
8 + (-20 - -8) + 10
6
Calculate 1 - (6 + -2 + (-2 - 0)).
-1
Calculate 1 - (-7 + 5) - (1 - 1).
3
Evaluate (10 - 12 - (1 - 2)) + -2.
-3
What is 2 + 1 - (5 + -12 + 0)?
10
Evaluate 0 + (-34 - -28 - (-1 - 0)).
-5
-2 - (9 + 10 + -3 + -10)
-8
Evaluate (5 - 2) + (-14 - -29) + -17.
1
Evaluate 5 + -1 - (11 + -4 + -5).
2
What is 3 + -2 + (14 - 9) - 0?
6
What is the value of (-5 - -5) + 2 - -1?
3
5 - ((6 + -3 - 3) + 0)
5
Evaluate (2 - (2 + -2)) + 27 + -24.
5
Calculate -3 - -1 - (-20 - -14) - 4.
0
What is 1 + 4 - ((-5 - 1) + 8)?
3
1 - (7 + (-11 - -1))
4
Evaluate -3 - (-2 - (2 - 4)).
-3
What is the value of -13 - -5 - (4 + -12)?
0
Evaluate -1 + (-4 - -3) + -3.
-5
-1 + 1 + -4 + 5
1
What is -1 + (16 - 14 - (6 + -4))?
-1
-4 + (7 - 7) + (-1 - -7)
2
What is -20 - (13 + -22) - -7?
-4
5 - (12 + 5 + -3)
-9
Evaluate 4 + 4 + -5 + -8.
-5
Calculate (6 - (1 - -3 - -1)) + 3.
4
Calculate 0 + 1 + 5 - (199 + -198).
5
Calculate (-7 - -4) + 5 - 4.
-2
What is the value of (-2 - -5) + 0 + (-5 - -1)?
-1
What is the value of (8 + -3 - 5) + -5?
-5
What is -3 - (0 + -6 - -15) - -5?
-7
8 + -11 + 6 + -6 + -2
-5
What is the value of (2 - 0) + 1 + -5?
-2
What is -2 + 5 + 0 - 2?
1
What is (4 - (-3 + 14)) + 5 + 6?
4
-1 - -8 - (2 + 3 + 1)
1
What is the value of (-4 - 0) + 2 - (3 + -8)?
3
0 + 6 + 3 + -3 + -7
-1
5 + -8 - (0 + -1) - -2
0
Calculate -1 + 10 - (-114 + 125).
-2
What is the value of (13 - -9) + -11 - 4?
7
What is 3 + -2 - (5 + 11 + -12)?
-3
What is -7 - 1 - (-5 - 0)?
-3
What is the value of (6 - 8) + -12 + 4?
-10
3 + -3 + 2 + -4 + 2
0
Evaluate (0 - -5) + (5 - 14).
-4
Evaluate 7 + -2 + (0 - 2) + -10.
-7
Calculate 5 - (0 + 1) - (3 + 5).
-4
Calculate 9 + -5 + 2 + -2 + -11.
-7
Calculate 